{"id":5361,"date":"2021-01-11T15:41:22","date_gmt":"2021-01-11T20:41:22","guid":{"rendered":"http:\/\/www.manuelchantre.com\/?page_id=5361"},"modified":"2023-10-27T16:00:19","modified_gmt":"2023-10-27T20:00:19","slug":"lutte-covid","status":"publish","type":"page","link":"http:\/\/www.manuelchantre.com\/fr\/lutte-covid\/","title":{"rendered":"Hommage \u00e0 celles et ceux qui luttent contre la COVID-19"},"content":{"rendered":"\n<p style=\"font-size:30px\">HOMMAGE \u00c0 CELLES ET CEUX QUI LUTTENT CONTRE LA COVID-19<\/p>\n\n\n\n<p>Commande de la Ville de Montr\u00e9al, LaSalle, 2020-2022<\/p>\n\n\n\n<p>La sculpture optique-cin\u00e9tique t\u00e9moigne du d\u00e9vouement du personnel soignant et rend hommage \u00e0 toutes celles et ceux qui ont lutt\u00e9 contre la COVID-19 et qui, aujourd&rsquo;hui poursuivent le combat. L&rsquo;oeuvre est constitu\u00e9e de bandes miroirs qui tournoient au gr\u00e9 du vent. Ces mouvements captent les reflets du monde autour et incarnent symboliquement, ceux du personnel hospitalier, des patients et de la nature.<\/p>\n\n\n\n<p>Les reflets de la lumi\u00e8re, naturelle le jour et artificielle la nuit, se d\u00e9placent au rythme du vent, m\u00e9langeant couleurs et formes, cr\u00e9ant ainsi un effet d&rsquo;optique de vibrations. Cette masse d&rsquo;\u00e9nergie \u00e9voque les possibilit\u00e9s de trouver notre voie en cette p\u00e9riode de transformation. L&rsquo;oeuvre en contiendrait ainsi les solutions.<\/p>\n\n\n\n<p><strong>Lieu:<\/strong>&nbsp;Coin Beyries et boul. Champlain, devant l\u2019h\u00f4pital deLaSalle, Montr\u00e9al (CA)<\/p>\n\n\n\n<iframe loading=\"lazy\" src=\"https:\/\/player.vimeo.com\/video\/496899730\" width=\"1024\" height=\"576\" frameborder=\"0\" allow=\"autoplay; fullscreen\" allowfullscreen=\"\"><\/iframe>\n\n\n<div class=\"wp-block-image\">\n<figure class=\"alignleft size-large is-resized\"><img loading=\"lazy\" decoding=\"async\" width=\"1024\" height=\"576\" src=\"http:\/\/www.manuelchantre.com\/wp-content\/uploads\/2021\/01\/1_Hommage_lutte_COVID_Creditphoto_Manuel_Chantre-1024x576.jpg\" alt=\"\" class=\"wp-image-5368\" style=\"width:1024px;height:576px\" srcset=\"http:\/\/www.manuelchantre.com\/wp-content\/uploads\/2021\/01\/1_Hommage_lutte_COVID_Creditphoto_Manuel_Chantre-1024x576.jpg 1024w, http:\/\/www.manuelchantre.com\/wp-content\/uploads\/2021\/01\/1_Hommage_lutte_COVID_Creditphoto_Manuel_Chantre-300x169.jpg 300w, http:\/\/www.manuelchantre.com\/wp-content\/uploads\/2021\/01\/1_Hommage_lutte_COVID_Creditphoto_Manuel_Chantre-768x432.jpg 768w, http:\/\/www.manuelchantre.com\/wp-content\/uploads\/2021\/01\/1_Hommage_lutte_COVID_Creditphoto_Manuel_Chantre-1536x864.jpg 1536w, http:\/\/www.manuelchantre.com\/wp-content\/uploads\/2021\/01\/1_Hommage_lutte_COVID_Creditphoto_Manuel_Chantre-280x158.jpg 280w, http:\/\/www.manuelchantre.com\/wp-content\/uploads\/2021\/01\/1_Hommage_lutte_COVID_Creditphoto_Manuel_Chantre-1170x658.jpg 1170w, http:\/\/www.manuelchantre.com\/wp-content\/uploads\/2021\/01\/1_Hommage_lutte_COVID_Creditphoto_Manuel_Chantre.jpg 1920w\" sizes=\"auto, (max-width: 1024px) 100vw, 1024px\" \/><figcaption class=\"wp-element-caption\">Montr\u00e9al (CA), 2020. Photo: Manuel Chantre<\/figcaption><\/figure><\/div>\n\n\n<p><\/p>\n\n\n\n<figure class=\"wp-block-image size-large\"><img loading=\"lazy\" decoding=\"async\" width=\"1024\" height=\"576\" src=\"http:\/\/www.manuelchantre.com\/wp-content\/uploads\/2021\/01\/4_Hommage_lutte_COVID_Creditphoto_Manuel_Chantre-1024x576.jpg\" alt=\"\" class=\"wp-image-5369\"\/><figcaption class=\"wp-element-caption\">Montr\u00e9al (CA), 2020. Photo: Manuel Chantre<\/figcaption><\/figure>\n\n\n\n<figure class=\"wp-block-image size-large\"><img loading=\"lazy\" decoding=\"async\" width=\"1024\" height=\"576\" src=\"http:\/\/www.manuelchantre.com\/wp-content\/uploads\/2021\/01\/3_Hommage_lutte_COVID_Creditphoto_Manuel_Chantre-1024x576.jpg\" alt=\"\" class=\"wp-image-5370\" srcset=\"http:\/\/www.manuelchantre.com\/wp-content\/uploads\/2021\/01\/3_Hommage_lutte_COVID_Creditphoto_Manuel_Chantre-1024x576.jpg 1024w, http:\/\/www.manuelchantre.com\/wp-content\/uploads\/2021\/01\/3_Hommage_lutte_COVID_Creditphoto_Manuel_Chantre-300x169.jpg 300w, http:\/\/www.manuelchantre.com\/wp-content\/uploads\/2021\/01\/3_Hommage_lutte_COVID_Creditphoto_Manuel_Chantre-768x432.jpg 768w, http:\/\/www.manuelchantre.com\/wp-content\/uploads\/2021\/01\/3_Hommage_lutte_COVID_Creditphoto_Manuel_Chantre-1536x864.jpg 1536w, http:\/\/www.manuelchantre.com\/wp-content\/uploads\/2021\/01\/3_Hommage_lutte_COVID_Creditphoto_Manuel_Chantre-280x158.jpg 280w, http:\/\/www.manuelchantre.com\/wp-content\/uploads\/2021\/01\/3_Hommage_lutte_COVID_Creditphoto_Manuel_Chantre-1170x658.jpg 1170w, http:\/\/www.manuelchantre.com\/wp-content\/uploads\/2021\/01\/3_Hommage_lutte_COVID_Creditphoto_Manuel_Chantre.jpg 1920w\" sizes=\"auto, (max-width: 1024px) 100vw, 1024px\" \/><figcaption class=\"wp-element-caption\">Montr\u00e9al (CA), 2020. Photo: Manuel Chantre<\/figcaption><\/figure>\n\n\n\n<figure class=\"wp-block-image size-large\"><img decoding=\"async\" src=\"http:\/\/www.manuelchantre.com\/wp-content\/uploads\/2021\/01\/6_Hommage_lutte_COVID_Creditphoto_Manuel_Chantre2-1024x571.jpg\" alt=\"\" class=\"wp-image-5373\"\/><figcaption class=\"wp-element-caption\">Montr\u00e9al (CA), 2020. Photo: Manuel Chantre<\/figcaption><\/figure>\n\n\n\n<p><strong>Technique:<\/strong>&nbsp;Aluminium, acier, peinture cuite, acrylique miroir, LED<\/p>\n\n\n\n<p><strong>Dimensions:<\/strong> 4.3 x 4.3 x 3.7 m \/ 13&rsquo;6\u2033 x 14&prime; x 12&rsquo;2\u2033<\/p>\n\n\n\n<p><strong>Cr\u00e9dits:<\/strong>&nbsp;Conception, dessin technique, direction de production, fabrication et installation: Manuel Chantre \/ Fabrication: Atelier Michel Bernier, Annie L\u00e9vesque \/ Installation: Olivier Duplessis, Francis Lajeuness, Claudio Castillo, Julia Nau, Robert Tardif \u00c9lectricien, Jean-Fran\u00e7ois Smith \/ Ing\u00e9nieur: Lateral \/ Remerciements: St\u00e9phanie Chantre, Guillaume Bourassa, Marie-\u00c8ve Beaulieu, Fran\u00e7oise S\u00e9gard, Simon Lachance, L\u00e9a Touz\u00e9 et mes voisins de la coop pour leurs pr\u00e9cieux conseils.<\/p>\n\n\n\n<p>Ce projet est une commande de la Ville de Montr\u00e9al. Dans le cadre de l\u2019exposition&nbsp;<em>La grande promenade&nbsp;<\/em>\u00e0 LaSalle en 2020.<\/p>\n\n<!-- Google tag (gtag.js) -->\n<script async src=\"https:\/\/www.googletagmanager.com\/gtag\/js?id=G-G0RLQ9LR4N\"><\/script>\n<script>\n  window.dataLayer = window.dataLayer || [];\n  function gtag(){dataLayer.push(arguments);}\n  gtag('js', new Date());\n\n  gtag('config', 'G-G0RLQ9LR4N');\n<\/script>\n","protected":false},"excerpt":{"rendered":"<p>HOMMAGE \u00c0 CELLES ET CEUX QUI LUTTENT CONTRE LA COVID-19 Commande de la Ville de Montr\u00e9al, LaSalle, 2020-2022 La sculpture optique-cin\u00e9tique t\u00e9moigne du d\u00e9vouement du personnel soignant et rend hommage \u00e0 toutes celles et ceux qui ont lutt\u00e9 contre la COVID-19 et qui, aujourd&rsquo;hui poursuivent le combat. L&rsquo;oeuvre est constitu\u00e9e de bandes miroirs qui tournoient<\/p>\n","protected":false},"author":1,"featured_media":0,"parent":0,"menu_order":0,"comment_status":"closed","ping_status":"closed","template":"","meta":{"om_disable_all_campaigns":false,"_monsterinsights_skip_tracking":false,"_monsterinsights_sitenote_active":false,"_monsterinsights_sitenote_note":"","_monsterinsights_sitenote_category":0,"footnotes":""},"class_list":["post-5361","page","type-page","status-publish","hentry"],"aioseo_notices":[],"_links":{"self":[{"href":"http:\/\/www.manuelchantre.com\/fr\/wp-json\/wp\/v2\/pages\/5361","targetHints":{"allow":["GET"]}}],"collection":[{"href":"http:\/\/www.manuelchantre.com\/fr\/wp-json\/wp\/v2\/pages"}],"about":[{"href":"http:\/\/www.manuelchantre.com\/fr\/wp-json\/wp\/v2\/types\/page"}],"author":[{"embeddable":true,"href":"http:\/\/www.manuelchantre.com\/fr\/wp-json\/wp\/v2\/users\/1"}],"replies":[{"embeddable":true,"href":"http:\/\/www.manuelchantre.com\/fr\/wp-json\/wp\/v2\/comments?post=5361"}],"version-history":[{"count":20,"href":"http:\/\/www.manuelchantre.com\/fr\/wp-json\/wp\/v2\/pages\/5361\/revisions"}],"predecessor-version":[{"id":6502,"href":"http:\/\/www.manuelchantre.com\/fr\/wp-json\/wp\/v2\/pages\/5361\/revisions\/6502"}],"wp:attachment":[{"href":"http:\/\/www.manuelchantre.com\/fr\/wp-json\/wp\/v2\/media?parent=5361"}],"curies":[{"name":"wp","href":"https:\/\/api.w.org\/{rel}","templated":true}]}}

Hommage à celles et ceux qui luttent contre la COVID-19

<p style="font-size:30px">HOMMAGE À CELLES ET CEUX QUI LUTTENT CONTRE LA COVID-19</p>



<p>Commande de la Ville de Montréal, LaSalle, 2020-2022</p>



<p>La sculpture optique-cinétique témoigne du dévouement du personnel soignant et rend hommage à toutes celles et ceux qui ont lutté contre la COVID-19 et qui, aujourd&rsquo;hui poursuivent le combat. L&rsquo;oeuvre est constituée de bandes miroirs qui tournoient au gré du vent. Ces mouvements captent les reflets du monde autour et incarnent symboliquement, ceux du personnel hospitalier, des patients et de la nature.</p>



<p>Les reflets de la lumière, naturelle le jour et artificielle la nuit, se déplacent au rythme du vent, mélangeant couleurs et formes, créant ainsi un effet d&rsquo;optique de vibrations. Cette masse d&rsquo;énergie évoque les possibilités de trouver notre voie en cette période de transformation. L&rsquo;oeuvre en contiendrait ainsi les solutions.</p>



<p><strong>Lieu:</strong>&nbsp;Coin Beyries et boul. Champlain, devant l’hôpital deLaSalle, Montréal (CA)</p>



<iframe loading="lazy" src="https://player.vimeo.com/video/496899730" width="1024" height="576" frameborder="0" allow="autoplay; fullscreen" allowfullscreen=""></iframe>


<div class="wp-block-image">
<figure class="alignleft size-large is-resized"><img loading="lazy" decoding="async" width="1024" height="576" src="http://www.manuelchantre.com/wp-content/uploads/2021/01/1_Hommage_lutte_COVID_Creditphoto_Manuel_Chantre-1024x576.jpg" alt="" class="wp-image-5368" style="width:1024px;height:576px" srcset="http://www.manuelchantre.com/wp-content/uploads/2021/01/1_Hommage_lutte_COVID_Creditphoto_Manuel_Chantre-1024x576.jpg 1024w, http://www.manuelchantre.com/wp-content/uploads/2021/01/1_Hommage_lutte_COVID_Creditphoto_Manuel_Chantre-300x169.jpg 300w, http://www.manuelchantre.com/wp-content/uploads/2021/01/1_Hommage_lutte_COVID_Creditphoto_Manuel_Chantre-768x432.jpg 768w, http://www.manuelchantre.com/wp-content/uploads/2021/01/1_Hommage_lutte_COVID_Creditphoto_Manuel_Chantre-1536x864.jpg 1536w, http://www.manuelchantre.com/wp-content/uploads/2021/01/1_Hommage_lutte_COVID_Creditphoto_Manuel_Chantre-280x158.jpg 280w, http://www.manuelchantre.com/wp-content/uploads/2021/01/1_Hommage_lutte_COVID_Creditphoto_Manuel_Chantre-1170x658.jpg 1170w, http://www.manuelchantre.com/wp-content/uploads/2021/01/1_Hommage_lutte_COVID_Creditphoto_Manuel_Chantre.jpg 1920w" sizes="auto, (max-width: 1024px) 100vw, 1024px" /><figcaption class="wp-element-caption">Montréal (CA), 2020. Photo: Manuel Chantre</figcaption></figure></div>


<p></p>



<figure class="wp-block-image size-large"><img loading="lazy" decoding="async" width="1024" height="576" src="http://www.manuelchantre.com/wp-content/uploads/2021/01/4_Hommage_lutte_COVID_Creditphoto_Manuel_Chantre-1024x576.jpg" alt="" class="wp-image-5369"/><figcaption class="wp-element-caption">Montréal (CA), 2020. Photo: Manuel Chantre</figcaption></figure>



<figure class="wp-block-image size-large"><img loading="lazy" decoding="async" width="1024" height="576" src="http://www.manuelchantre.com/wp-content/uploads/2021/01/3_Hommage_lutte_COVID_Creditphoto_Manuel_Chantre-1024x576.jpg" alt="" class="wp-image-5370" srcset="http://www.manuelchantre.com/wp-content/uploads/2021/01/3_Hommage_lutte_COVID_Creditphoto_Manuel_Chantre-1024x576.jpg 1024w, http://www.manuelchantre.com/wp-content/uploads/2021/01/3_Hommage_lutte_COVID_Creditphoto_Manuel_Chantre-300x169.jpg 300w, http://www.manuelchantre.com/wp-content/uploads/2021/01/3_Hommage_lutte_COVID_Creditphoto_Manuel_Chantre-768x432.jpg 768w, http://www.manuelchantre.com/wp-content/uploads/2021/01/3_Hommage_lutte_COVID_Creditphoto_Manuel_Chantre-1536x864.jpg 1536w, http://www.manuelchantre.com/wp-content/uploads/2021/01/3_Hommage_lutte_COVID_Creditphoto_Manuel_Chantre-280x158.jpg 280w, http://www.manuelchantre.com/wp-content/uploads/2021/01/3_Hommage_lutte_COVID_Creditphoto_Manuel_Chantre-1170x658.jpg 1170w, http://www.manuelchantre.com/wp-content/uploads/2021/01/3_Hommage_lutte_COVID_Creditphoto_Manuel_Chantre.jpg 1920w" sizes="auto, (max-width: 1024px) 100vw, 1024px" /><figcaption class="wp-element-caption">Montréal (CA), 2020. Photo: Manuel Chantre</figcaption></figure>



<figure class="wp-block-image size-large"><img decoding="async" src="http://www.manuelchantre.com/wp-content/uploads/2021/01/6_Hommage_lutte_COVID_Creditphoto_Manuel_Chantre2-1024x571.jpg" alt="" class="wp-image-5373"/><figcaption class="wp-element-caption">Montréal (CA), 2020. Photo: Manuel Chantre</figcaption></figure>



<p><strong>Technique:</strong>&nbsp;Aluminium, acier, peinture cuite, acrylique miroir, LED</p>



<p><strong>Dimensions:</strong> 4.3 x 4.3 x 3.7 m / 13&rsquo;6″ x 14&prime; x 12&rsquo;2″</p>



<p><strong>Crédits:</strong>&nbsp;Conception, dessin technique, direction de production, fabrication et installation: Manuel Chantre / Fabrication: Atelier Michel Bernier, Annie Lévesque / Installation: Olivier Duplessis, Francis Lajeuness, Claudio Castillo, Julia Nau, Robert Tardif Électricien, Jean-François Smith / Ingénieur: Lateral / Remerciements: Stéphanie Chantre, Guillaume Bourassa, Marie-Ève Beaulieu, Françoise Ségard, Simon Lachance, Léa Touzé et mes voisins de la coop pour leurs précieux conseils.</p>



<p>Ce projet est une commande de la Ville de Montréal. Dans le cadre de l’exposition&nbsp;<em>La grande promenade&nbsp;</em>à LaSalle en 2020.</p>

<!-- Google tag (gtag.js) -->
<script async src="https://www.googletagmanager.com/gtag/js?id=G-G0RLQ9LR4N"></script>
<script>
  window.dataLayer = window.dataLayer || [];
  function gtag(){dataLayer.push(arguments);}
  gtag('js', new Date());

  gtag('config', 'G-G0RLQ9LR4N');
</script>

<p>HOMMAGE À CELLES ET CEUX QUI LUTTENT CONTRE LA COVID-19 Commande de la Ville de Montréal, LaSalle, 2020-2022 La sculpture optique-cinétique témoigne du dévouement du personnel soignant et rend hommage à toutes celles et ceux qui ont lutté contre la COVID-19 et qui, aujourd&rsquo;hui poursuivent le combat. L&rsquo;oeuvre est constituée de bandes miroirs qui tournoient</p>
